{"id":551,"date":"2019-05-02T13:48:51","date_gmt":"2019-05-02T10:48:51","guid":{"rendered":"http:\/\/alfadestek.com\/enmad\/?page_id=551"},"modified":"2020-10-19T21:17:59","modified_gmt":"2020-10-19T18:17:59","slug":"is-guvenligi-ve-saglik","status":"publish","type":"page","link":"http:\/\/www.enmaddrilling.com\/index.php\/is-guvenligi-ve-saglik\/","title":{"rendered":"\u0130\u015f G\u00fcvenli\u011fi ve Sa\u011fl\u0131k"},"content":{"rendered":"<p>[vc_row][vc_column]<div class=\"ult-spacer spacer-69f2010328bbc\" data-id=\"69f2010328bbc\" data-height=\"10\" data-height-mobile=\"10\" data-height-tab=\"10\" data-height-tab-portrait=\"\" data-height-mobile-landscape=\"\" style=\"clear:both;display:block;\"><\/div>[vc_single_image image=&#8221;855&#8243; img_size=&#8221;512&#215;249&#8243; alignment=&#8221;center&#8221; style=&#8221;vc_box_rounded&#8221; onclick=&#8221;img_link_large&#8221; css_animation=&#8221;fadeIn&#8221;][vc_column_text]<\/p>\n<div style=\"text-align: justify;\"><strong>Enmad<\/strong>\u00a0\u201c\u0130\u015f G\u00fcvenli\u011fi Y\u00f6netim Sistemi\u201dni, \u201cKalite G\u00fcvence Sistemi\u201d\u2019nin bir par\u00e7as\u0131 olarak y\u00fcr\u00fct\u00fcr. \u201cKaza \/ yaralanma\u201d gibi b\u00fct\u00fcn \u00f6nemli durumlarda \u201cyerinde inceleme \/ \u00e7\u00f6z\u00fcm \u00fcretme\u201d ve \u201chasar tespiti \/ ke\u015fif \/ kontrol\u201d gibi \u00e7al\u0131\u015fmalar \u201cG\u00fcvenlik Y\u00f6netim Plan\u0131\u201d \u00e7er\u00e7evesinde y\u00fcr\u00fct\u00fcl\u00fcr.<\/div>\n<div style=\"text-align: justify;\">\u201cOlay\/Kaza\u201d incelemeleri ve sorunun tespiti i\u015fleminde, sorunun hemen \u00e7\u00f6z\u00fcme kavu\u015fturulmas\u0131 ve tekrar\u0131n\u0131n \u00f6nlenmesi i\u00e7in olaya kar\u0131\u015fan personel de dahil \u00f6nlem al\u0131nmas\u0131n\u0131 i\u00e7erir.<\/div>\n<div><\/div>\n<div style=\"text-align: justify;\">Enmad Sondaj\u0131n politikas\u0131 b\u00fct\u00fcn \u00e7al\u0131\u015fanlar\u0131na sa\u011fl\u0131kl\u0131 ve g\u00fcvenli bir \u00e7al\u0131\u015fma ortam\u0131 sunmakt\u0131r. Bu hareket tarz\u0131 sadece kanunlar \u00f6ng\u00f6rd\u00fc\u011f\u00fc i\u00e7in de\u011fil, operasyonlar\u0131m\u0131z s\u0131ras\u0131nda olu\u015facak herhangi bir sa\u011fl\u0131ks\u0131z olu\u015fumu, hasar\u0131 ya da kayb\u0131 \u00f6nlemek i\u00e7indir.<\/div>\n<div><\/div>\n<div style=\"text-align: justify;\">D\u00fczenli E\u011fitim ve geli\u015ftirme programlar\u0131, Enmad Sondaj\u0131n b\u00fcy\u00fcme program\u0131 kapsam\u0131nda uygulanmaktad\u0131r. B\u00fct\u00fcn ekip \u00fcyelerimiz ilk yard\u0131m, yang\u0131nla m\u00fccadele, ki\u015fisel korunma ekipmanlar\u0131n\u0131n do\u011fru kullan\u0131m\u0131, i\u015f kazas\u0131 \u00f6nleme, inceleme konular\u0131nda kurs g\u00f6rmektedirler.<\/div>\n<div><\/div>\n<div style=\"text-align: justify;\">Sorumlu y\u00f6netim tarz\u0131n\u0131n \u00f6nemli bir gere\u011fi olarak, Enmad her \u00e7al\u0131\u015f\u0131n\u0131n sa\u011fl\u0131kl\u0131 ve i\u015f g\u00fcvenli\u011fi saplanm\u0131\u015f bir ortamda \u00e7al\u0131\u015fmas\u0131n\u0131 te\u015fvik eder.<\/div>\n<div><\/div>\n<div><strong>\u00c7evreye Duyarl\u0131l\u0131k<\/strong><\/div>\n<ul>\n<li style=\"text-align: justify;\">D\u00fczenli E\u011fitim ve geli\u015ftirme programlar\u0131, <strong>Enmad<\/strong> Sondaj\u0131n b\u00fcy\u00fcme program\u0131 kapsam\u0131nda uygulanmaktad\u0131r. B\u00fct\u00fcn ekip \u00fcyelerimiz ilk yard\u0131m, yang\u0131nla m\u00fccadele ki\u015fisel korunma ekipmanlar\u0131n\u0131n do\u011fru kullan\u0131m\u0131, i\u015f kazas\u0131 \u00f6nleme, inceleme konular\u0131nda kurs g\u00f6rmektedirler.<\/li>\n<li style=\"text-align: justify;\">Enmad her bir \u00e7al\u0131\u015fan\u0131n\u0131n s\u00fcrekli e\u011fitim ile \u015firket y\u00f6ntemlerini ve felsefesini<br \/>\nbenimsedi\u011finden emin olur.<\/li>\n<li style=\"text-align: justify;\">B\u00fct\u00fcn <strong>Enmad<\/strong> personeli; ge\u00e7mi\u015fi, kapasitesi, h\u0131rs\u0131, profesyonel ge\u00e7mi\u015fi, g\u00fcvenirli\u011fi ve \u015firkete olan ba\u011fl\u0131l\u0131\u011f\u0131 ile se\u00e7ilmi\u015ftir. Her bir \u00e7al\u0131\u015fan\u0131m\u0131z kendi potansiyelini ke\u015ffetmesi i\u00e7in te\u015fvik edilir.<\/li>\n<\/ul>\n<p>[\/vc_column_text][\/vc_column][\/vc_row]<\/p>\n","protected":false},"excerpt":{"rendered":"<p>[vc_row][vc_column][vc_single_image image=&#8221;855&#8243; img_size=&#8221;512&#215;249&#8243; alignment=&#8221;center&#8221; style=&#8221;vc_box_rounded&#8221; onclick=&#8221;img_link_large&#8221; css_animation=&#8221;fadeIn&#8221;][vc_column_text] Enmad\u00a0\u201c\u0130\u015f G\u00fcvenli\u011fi Y\u00f6netim Sistemi\u201dni, \u201cKalite G\u00fcvence Sistemi\u201d\u2019nin bir par\u00e7as\u0131 olarak y\u00fcr\u00fct\u00fcr. \u201cKaza \/ yaralanma\u201d gibi b\u00fct\u00fcn \u00f6nemli durumlarda \u201cyerinde inceleme \/ \u00e7\u00f6z\u00fcm \u00fcretme\u201d ve \u201chasar tespiti \/ ke\u015fif \/ kontrol\u201d gibi \u00e7al\u0131\u015fmalar \u201cG\u00fcvenlik<span class=\"read_more_area\"><a class=\"read-more\" href=\"http:\/\/www.enmaddrilling.com\/index.php\/is-guvenligi-ve-saglik\/\"> Continue Reading <\/a><\/span><\/p>\n","protected":false},"author":1,"featured_media":0,"parent":0,"menu_order":0,"comment_status":"closed","ping_status":"closed","template":"","meta":[],"aioseo_notices":[],"_links":{"self":[{"href":"http:\/\/www.enmaddrilling.com\/index.php\/wp-json\/wp\/v2\/pages\/551"}],"collection":[{"href":"http:\/\/www.enmaddrilling.com\/index.php\/wp-json\/wp\/v2\/pages"}],"about":[{"href":"http:\/\/www.enmaddrilling.com\/index.php\/wp-json\/wp\/v2\/types\/page"}],"author":[{"embeddable":true,"href":"http:\/\/www.enmaddrilling.com\/index.php\/wp-json\/wp\/v2\/users\/1"}],"replies":[{"embeddable":true,"href":"http:\/\/www.enmaddrilling.com\/index.php\/wp-json\/wp\/v2\/comments?post=551"}],"version-history":[{"count":4,"href":"http:\/\/www.enmaddrilling.com\/index.php\/wp-json\/wp\/v2\/pages\/551\/revisions"}],"predecessor-version":[{"id":1133,"href":"http:\/\/www.enmaddrilling.com\/index.php\/wp-json\/wp\/v2\/pages\/551\/revisions\/1133"}],"wp:attachment":[{"href":"http:\/\/www.enmaddrilling.com\/index.php\/wp-json\/wp\/v2\/media?parent=551"}],"curies":[{"name":"wp","href":"https:\/\/api.w.org\/{rel}","templated":true}]}}