{"id":547,"date":"2019-05-02T13:47:59","date_gmt":"2019-05-02T10:47:59","guid":{"rendered":"http:\/\/alfadestek.com\/enmad\/?page_id=547"},"modified":"2020-05-30T19:06:50","modified_gmt":"2020-05-30T16:06:50","slug":"neden-enmad-sondaj","status":"publish","type":"page","link":"http:\/\/www.enmaddrilling.com\/index.php\/neden-enmad-sondaj\/","title":{"rendered":"Neden ENMAD Sondaj?"},"content":{"rendered":"<p>[vc_row][vc_column]<div class=\"ult-spacer spacer-69f1ca1d7d4ed\" data-id=\"69f1ca1d7d4ed\" data-height=\"50\" data-height-mobile=\"50\" data-height-tab=\"50\" data-height-tab-portrait=\"\" data-height-mobile-landscape=\"\" style=\"clear:both;display:block;\"><\/div>[vc_row_inner][vc_column_inner width=&#8221;1\/3&#8243;][vc_column_text css_animation=&#8221;fadeInUp&#8221;]<\/p>\n<h2><strong>HER\u015eEY DAH\u0130L F\u0130YATLANDIRMA<br \/>\n<\/strong><\/h2>\n<p>D\u00fc\u015f\u00fck fiyatlar\u0131m\u0131z\u0131n yan\u0131nda, m\u00fc\u015fterilerimiz, sondaj u\u00e7lar\u0131, koruma borular\u0131, sondaj lokasyonlar\u0131 aras\u0131nda ta\u015f\u0131nma \u00fccretleri gibi can s\u0131k\u0131c\u0131, gizli kalm\u0131\u015f ek maliyetler olmadan, her \u015fey i\u00e7inde tek fiyat ile sondaj projelerini bizimle ger\u00e7ekle\u015ftirebilmektedir. B\u00f6ylece, m\u00fc\u015fterilerimiz, \u00f6nceden sondaj b\u00fct\u00e7elerini yapabilmekte ve maliyetlerini kesin bir \u015fekilde bilebilmektedir.[\/vc_column_text][\/vc_column_inner][vc_column_inner width=&#8221;1\/3&#8243;][vc_column_text css_animation=&#8221;fadeInUp&#8221;]<\/p>\n<h2><strong>TEKNOLOJ\u0130<br \/>\n<\/strong><\/h2>\n<p>Enmad Sondaj en son model makine ve destek ekipmanlar\u0131 ile \u00e7al\u0131\u015fmak gibi bir ilkeye sahiptir. Makine Park\u0131m\u0131zdaki ekipmanlar\u0131m\u0131z 2015, 2016 ve 2019 y\u0131llar\u0131nda \u00fcretilmi\u015ftir.[\/vc_column_text][\/vc_column_inner][vc_column_inner width=&#8221;1\/3&#8243;][vc_column_text css_animation=&#8221;fadeInUp&#8221;]<\/p>\n<h2><strong>DENEY\u0130M<\/strong><\/h2>\n<p>En iyi makinalara sahip olmak, onlar\u0131 \u00e7al\u0131\u015ft\u0131ran deneyimli bir ekip olmadan hi\u00e7bir anlam ifade etmez. \u015eirket olarak ismimizin yeni olmas\u0131na kar\u015f\u0131n ekibimiz uzun y\u0131llar\u0131n deneyimine sahiptir. S\u00fcrekli e\u011fitim, geli\u015ftirme ve izleme ile en iyisi olarak kalmaya devam ediyoruz. Personelimize sadece ilerleme h\u0131zlar\u0131na g\u00f6re de\u011fil, ayn\u0131 zamanda karot y\u00fczdelerinin y\u00fcksekli\u011fine ve kazas\u0131z i\u015f yapmalar\u0131na g\u00f6re de pirim uygulamaktay\u0131z.[\/vc_column_text][\/vc_column_inner][\/vc_row_inner]<div class=\"ult-spacer spacer-69f1ca1d7d520\" data-id=\"69f1ca1d7d520\" data-height=\"50\" data-height-mobile=\"50\" data-height-tab=\"50\" data-height-tab-portrait=\"\" data-height-mobile-landscape=\"\" style=\"clear:both;display:block;\"><\/div>[vc_row_inner][vc_column_inner width=&#8221;1\/3&#8243;][apress_process title=&#8221;\u0130\u015e G\u00dcVENL\u0130\u011e\u0130&#8221; process_step=&#8221;&#8221; data_animation=&#8221;fadeInUp&#8221; data_delay=&#8221;300&#8243; style=&#8221;process_style2&#8243; process_image=&#8221;809&#8243; title_font_options=&#8221;tag:h3&#8243; step_font_options=&#8221;tag:h1|font_size:100|color:%23f1f1f1|line_height:100&#8243; content_font_options=&#8221;tag:div&#8221;]Firmam\u0131z\u0131n ba\u015far\u0131s\u0131 personelimize dayan\u0131r. Personelimiz bizim i\u00e7in \u00e7ok \u00f6nemlidir ve bu y\u00fczden i\u015f g\u00fcvenli\u011fine \u00fcst d\u00fczeyde \u00f6nem veririz. \u00c7al\u0131\u015fanlar\u0131m\u0131z da \u015firket g\u00fcvenlik kurallar\u0131na kesinlikle uyarak \u00e7al\u0131\u015f\u0131rlar.[\/apress_process]<div class=\"ult-spacer spacer-69f1ca1d7d533\" data-id=\"69f1ca1d7d533\" data-height=\"50\" data-height-mobile=\"50\" data-height-tab=\"50\" data-height-tab-portrait=\"\" data-height-mobile-landscape=\"\" style=\"clear:both;display:block;\"><\/div>[\/vc_column_inner][vc_column_inner width=&#8221;1\/3&#8243;][apress_process title=&#8221;Destek &amp; Bak\u0131m&#8221; process_step=&#8221;&#8221; data_animation=&#8221;fadeInUp&#8221; data_delay=&#8221;600&#8243; style=&#8221;process_style2&#8243; process_image=&#8221;844&#8243; title_font_options=&#8221;tag:h3&#8243; step_font_options=&#8221;tag:h1|font_size:100|color:%23f1f1f1|line_height:100&#8243; content_font_options=&#8221;tag:div&#8221;]Ekipman bak\u0131m\u0131 Enmad Sondaj i\u00e7in hayati \u00f6neme sahip bir konudur. Sondaj ve bak\u0131m ekipleri s\u0131k\u0131 bak\u0131m prosed\u00fcrlerimize uyarlar.<br \/>\nTam tesisatl\u0131 mobilize bak\u0131m ekipleri bir sorun olu\u015fmas\u0131 durumunda h\u0131zl\u0131 m\u00fcdahale i\u00e7in arazide haz\u0131r bulunurlar.[\/apress_process]<div class=\"ult-spacer spacer-69f1ca1d7d544\" data-id=\"69f1ca1d7d544\" data-height=\"50\" data-height-mobile=\"50\" data-height-tab=\"50\" data-height-tab-portrait=\"\" data-height-mobile-landscape=\"\" style=\"clear:both;display:block;\"><\/div>[\/vc_column_inner][vc_column_inner width=&#8221;1\/3&#8243;][apress_process title=&#8221;PAR\u00c7A TEDAR\u0130\u011e\u0130&#8221; process_step=&#8221;&#8221; data_animation=&#8221;fadeInUp&#8221; data_delay=&#8221;900&#8243; style=&#8221;process_style2&#8243; process_image=&#8221;846&#8243; title_font_options=&#8221;tag:h3&#8243; step_font_options=&#8221;tag:h1|font_size:100|color:%23f1f1f1|line_height:100&#8243; content_font_options=&#8221;tag:div&#8221;]Sondaj sekt\u00f6r\u00fcnde ihtiya\u00e7 olunan par\u00e7a ve sistemlerini m\u00fc\u015fterilerimize h\u0131zl\u0131 bir \u015fekilde tedarik ediyoruz.[\/apress_process]<div class=\"ult-spacer spacer-69f1ca1d7d554\" data-id=\"69f1ca1d7d554\" data-height=\"50\" data-height-mobile=\"50\" data-height-tab=\"50\" data-height-tab-portrait=\"\" data-height-mobile-landscape=\"\" style=\"clear:both;display:block;\"><\/div>[\/vc_column_inner][\/vc_row_inner][\/vc_column][\/vc_row]<\/p>\n","protected":false},"excerpt":{"rendered":"<p>[vc_row][vc_column][vc_row_inner][vc_column_inner width=&#8221;1\/3&#8243;][vc_column_text css_animation=&#8221;fadeInUp&#8221;] HER\u015eEY DAH\u0130L F\u0130YATLANDIRMA D\u00fc\u015f\u00fck fiyatlar\u0131m\u0131z\u0131n yan\u0131nda, m\u00fc\u015fterilerimiz, sondaj u\u00e7lar\u0131, koruma borular\u0131, sondaj lokasyonlar\u0131 aras\u0131nda ta\u015f\u0131nma \u00fccretleri gibi can s\u0131k\u0131c\u0131, gizli kalm\u0131\u015f ek maliyetler olmadan, her \u015fey i\u00e7inde tek fiyat ile sondaj projelerini bizimle ger\u00e7ekle\u015ftirebilmektedir. B\u00f6ylece, m\u00fc\u015fterilerimiz, \u00f6nceden<span class=\"read_more_area\"><a class=\"read-more\" href=\"http:\/\/www.enmaddrilling.com\/index.php\/neden-enmad-sondaj\/\"> Continue Reading <\/a><\/span><\/p>\n","protected":false},"author":1,"featured_media":0,"parent":0,"menu_order":0,"comment_status":"closed","ping_status":"closed","template":"","meta":[],"aioseo_notices":[],"_links":{"self":[{"href":"http:\/\/www.enmaddrilling.com\/index.php\/wp-json\/wp\/v2\/pages\/547"}],"collection":[{"href":"http:\/\/www.enmaddrilling.com\/index.php\/wp-json\/wp\/v2\/pages"}],"about":[{"href":"http:\/\/www.enmaddrilling.com\/index.php\/wp-json\/wp\/v2\/types\/page"}],"author":[{"embeddable":true,"href":"http:\/\/www.enmaddrilling.com\/index.php\/wp-json\/wp\/v2\/users\/1"}],"replies":[{"embeddable":true,"href":"http:\/\/www.enmaddrilling.com\/index.php\/wp-json\/wp\/v2\/comments?post=547"}],"version-history":[{"count":12,"href":"http:\/\/www.enmaddrilling.com\/index.php\/wp-json\/wp\/v2\/pages\/547\/revisions"}],"predecessor-version":[{"id":968,"href":"http:\/\/www.enmaddrilling.com\/index.php\/wp-json\/wp\/v2\/pages\/547\/revisions\/968"}],"wp:attachment":[{"href":"http:\/\/www.enmaddrilling.com\/index.php\/wp-json\/wp\/v2\/media?parent=547"}],"curies":[{"name":"wp","href":"https:\/\/api.w.org\/{rel}","templated":true}]}}