{"id":272,"date":"2019-04-19T11:39:52","date_gmt":"2019-04-19T08:39:52","guid":{"rendered":"http:\/\/alfadestek.com\/enerson\/?page_id=272"},"modified":"2020-07-29T12:17:57","modified_gmt":"2020-07-29T09:17:57","slug":"referanslar","status":"publish","type":"page","link":"http:\/\/www.enmaddrilling.com\/index.php\/referanslar\/","title":{"rendered":"REFERANSLAR"},"content":{"rendered":"<p>[vc_row][vc_column][vc_column_text]<\/p>\n<ul>\n<li>Gasterm Madencilik &#8211; 2019, Polatl\u0131 Tenardit Ke\u015fif Sondajlar\u0131, 10500 m.<\/li>\n<li>FLK Madencilik &#8211; 2109, Akda\u011f &#8211; Yozgat Metalik Mineraller Arama Sondajlar\u0131, 15000 m.<\/li>\n<li>Mandem Madencilik &#8211; 2019, Hekimhan- Malatya Demir Sondajlar\u0131, 1500 m.<\/li>\n<li>Ermaden -2019, Malatya-Sivas Demir Sondajlar\u0131, 21500 m.<\/li>\n<li>Ermaden -2019, Ere\u011fli-Zonguldak Ta\u015f K\u00f6m\u00fcr\u00fc Sondajlar\u0131, 25000 m.<\/li>\n<li>Pencap Mineral \u015eirketi (PMC) -2018, Manyetit Arama Sondajlar\u0131, 25.000 m.<\/li>\n<li>T\u00fcrkiye Petrolleri Uluslararas\u0131 (TPIC) \u20132018, Soma Alt\u0131n Arama Sondajlar\u0131, 20.000 m.<\/li>\n<li>MTA \u2013 2018 Avanos Uranyum Arama Sondajlar\u0131 Genel M\u00fcd\u00fcrl\u00fc\u011f\u00fc, 16.000 m.<\/li>\n<li>MTA \u20132017-2018 Polatl\u0131 Tuz Arama Sondajlar\u0131 Genel M\u00fcd\u00fcrl\u00fc\u011f\u00fc, 20.000 m.<\/li>\n<li>MTA \u20132017 Ordu-Giresun Alt\u0131n Arama Sondajlar\u0131 Genel M\u00fcd\u00fcrl\u00fc\u011f\u00fc, 20.000m.<\/li>\n<li>MTA \u20132016 G\u00fcm\u00fc\u015fhane Alt\u0131n Arama Sondajlar\u0131 Genel M\u00fcd\u00fcrl\u00fc\u011f\u00fc, 5.000m.<\/li>\n<li>MTA \u20132016 Mara\u015f-Elbistan Derin Jeoteknik Sondajlar\u0131 Genel M\u00fcd\u00fcrl\u00fc\u011f\u00fc, 5.000 m.<\/li>\n<li>MTA \u20132016 Avanos Uranyum Arama Sondajlar\u0131 Genel M\u00fcd\u00fcrl\u00fc\u011f\u00fc, 15.000 m.<\/li>\n<li>MTA \u20132015 Mu\u015f Linyit Arama Sondajlar\u0131 Genel M\u00fcd\u00fcrl\u00fc\u011f\u00fc, 25.000 m.<\/li>\n<li>TK\u0130 \u2013 2014 Mu\u015f Linyit Arama Sondajlar\u0131 Genel M\u00fcd\u00fcrl\u00fc\u011f\u00fc, 5000 m.<\/li>\n<li>MTA \u20132014 Mu\u015f Linyit Arama Sondajlar\u0131 Genel M\u00fcd\u00fcrl\u00fc\u011f\u00fc, 5000 m.<\/li>\n<li>MTA \u20132013 Ni\u011fde Metalik Maden Arama Sondajlar\u0131 Genel M\u00fcd\u00fcrl\u00fc\u011f\u00fc, 6500 m.<\/li>\n<li>MTA \u20132013 \u0130stanbul-Tekireda\u011f Linyit Arama Sondajlar\u0131 Genel M\u00fcd\u00fcrl\u00fc\u011f\u00fc, 6000 m.<\/li>\n<li>MTA \u20132012 \u00c7orum-O\u011fuzlar Metalik Maden Arama Sondajlar\u0131 Genel M\u00fcd\u00fcrl\u00fc\u011f\u00fc, 8000 m.<\/li>\n<li>MTA \u20132012 Eski\u015fehir-Merkez-\u00c7ifteler Linyit Arama Sondajlar\u0131 Genel M\u00fcd\u00fcrl\u00fc\u011f\u00fc, 6000 m.<\/li>\n<li>MTA \u20132011 \u00c7orum-O\u011fuzlar Metalik Maden Arama Sondajlar\u0131 Genel M\u00fcd\u00fcrl\u00fc\u011f\u00fc, 2500 m.<\/li>\n<li>Ayen Enerji A.\u015e. &#8211; 2011, Jeotermal Arama Sondaj\u0131, 800 m.<\/li>\n<li>SMS Madencilik A.\u015e. &#8211; 2011, Krom Arama Sondajlar\u0131, 2500 m.<\/li>\n<li>Cemre \u0130n\u015faat A.\u015e. &#8211; 2010, Linyit Arama Sondajlar\u0131, 1500 m.<\/li>\n<li>Troya M\u00fchendislik Ltd. &#8211; 2010, Jeotermal Arama Sondaj\u0131, 3500 m.<\/li>\n<li>Stonex Madencilik A.\u015e. &#8211; 2009, Metalik Mineraller Arama Sondajlar\u0131, 6000 m.<\/li>\n<li>G&amp;M M\u00fchendislik &#8211; 2008, Metalik Maden Arama Sondajlar\u0131, 3000 m.<\/li>\n<li>G&amp;M M\u00fchendislik &#8211; 2008 Linyit Arama Sondajlar\u0131, 2000 m.<\/li>\n<li>Akdeniz Maden Grubu (MMG) \u20132008, Metalik Maden Arama Sondajlar\u0131, 2500 m.<\/li>\n<li>Jindal Paslanmaz A.\u015e. &#8211; 2008, Krom Arama Sondajlar\u0131, 2500 m.<\/li>\n<li>Vatan Madencilik A.\u015e. &#8211; 2008, Metalik Maden Arama Sondajlar\u0131, 1500 m.<\/li>\n<li>Adularya Enerji ve Madencilik A.\u015e. \u20132008, Linyit Arama Sondajlar\u0131, 3000 m.<\/li>\n<\/ul>\n<p>[\/vc_column_text][\/vc_column][\/vc_row]<\/p>\n","protected":false},"excerpt":{"rendered":"<p>[vc_row][vc_column][vc_column_text] Gasterm Madencilik &#8211; 2019, Polatl\u0131 Tenardit Ke\u015fif Sondajlar\u0131, 10500 m. FLK Madencilik &#8211; 2109, Akda\u011f &#8211; Yozgat Metalik Mineraller Arama Sondajlar\u0131, 15000 m. Mandem Madencilik &#8211; 2019, Hekimhan- Malatya Demir Sondajlar\u0131, 1500 m. Ermaden -2019, Malatya-Sivas Demir Sondajlar\u0131, 21500<span class=\"read_more_area\"><a class=\"read-more\" href=\"http:\/\/www.enmaddrilling.com\/index.php\/referanslar\/\"> Continue Reading <\/a><\/span><\/p>\n","protected":false},"author":1,"featured_media":0,"parent":0,"menu_order":0,"comment_status":"closed","ping_status":"closed","template":"","meta":[],"aioseo_notices":[],"_links":{"self":[{"href":"http:\/\/www.enmaddrilling.com\/index.php\/wp-json\/wp\/v2\/pages\/272"}],"collection":[{"href":"http:\/\/www.enmaddrilling.com\/index.php\/wp-json\/wp\/v2\/pages"}],"about":[{"href":"http:\/\/www.enmaddrilling.com\/index.php\/wp-json\/wp\/v2\/types\/page"}],"author":[{"embeddable":true,"href":"http:\/\/www.enmaddrilling.com\/index.php\/wp-json\/wp\/v2\/users\/1"}],"replies":[{"embeddable":true,"href":"http:\/\/www.enmaddrilling.com\/index.php\/wp-json\/wp\/v2\/comments?post=272"}],"version-history":[{"count":20,"href":"http:\/\/www.enmaddrilling.com\/index.php\/wp-json\/wp\/v2\/pages\/272\/revisions"}],"predecessor-version":[{"id":1063,"href":"http:\/\/www.enmaddrilling.com\/index.php\/wp-json\/wp\/v2\/pages\/272\/revisions\/1063"}],"wp:attachment":[{"href":"http:\/\/www.enmaddrilling.com\/index.php\/wp-json\/wp\/v2\/media?parent=272"}],"curies":[{"name":"wp","href":"https:\/\/api.w.org\/{rel}","templated":true}]}}