{"id":1020,"date":"2020-07-29T15:42:13","date_gmt":"2020-07-29T12:42:13","guid":{"rendered":"https:\/\/alfatasarim.net\/enmad\/?page_id=1020"},"modified":"2020-08-05T16:12:03","modified_gmt":"2020-08-05T13:12:03","slug":"human-resources","status":"publish","type":"page","link":"http:\/\/www.enmaddrilling.com\/index.php\/en\/human-resources\/","title":{"rendered":"Human Resources"},"content":{"rendered":"<div id=\"quform-d3e2b4\" class=\"quform quform-4 quform-theme-light quform-support-page-caching\"><form id=\"quform-form-d3e2b4\" class=\"quform-form quform-form-4\" action=\"\/index.php\/wp-json\/wp\/v2\/pages\/1020#quform-d3e2b4\" method=\"post\" enctype=\"multipart\/form-data\" novalidate=\"novalidate\" data-options=\"{&quot;id&quot;:4,&quot;uniqueId&quot;:&quot;d3e2b4&quot;,&quot;theme&quot;:&quot;light&quot;,&quot;ajax&quot;:true,&quot;logic&quot;:{&quot;logic&quot;:[],&quot;dependents&quot;:[],&quot;elementIds&quot;:[],&quot;dependentElementIds&quot;:[],&quot;animate&quot;:true},&quot;currentPageId&quot;:1,&quot;errorsIcon&quot;:&quot;&quot;,&quot;updateFancybox&quot;:true,&quot;hasPages&quot;:false,&quot;pages&quot;:[1],&quot;pageProgressType&quot;:&quot;numbers&quot;,&quot;tooltipsEnabled&quot;:true,&quot;tooltipClasses&quot;:&quot;qtip-quform-dark qtip-shadow&quot;,&quot;tooltipMy&quot;:&quot;left center&quot;,&quot;tooltipAt&quot;:&quot;right center&quot;,&quot;isRtl&quot;:false,&quot;scrollOffset&quot;:-50,&quot;scrollSpeed&quot;:800}\"><button class=\"quform-default-submit\" name=\"quform_submit\" type=\"submit\" value=\"submit\"><\/button><div class=\"quform-form-inner quform-form-inner-4\"><input type=\"hidden\" name=\"quform_form_id\" value=\"4\" \/><input type=\"hidden\" name=\"quform_form_uid\" value=\"d3e2b4\" \/><input type=\"hidden\" name=\"quform_count\" value=\"1\" \/><input type=\"hidden\" name=\"form_url\" value=\"http:\/\/www.enmaddrilling.com\/index.php\/wp-json\/wp\/v2\/pages\/1020\" \/><input type=\"hidden\" name=\"referring_url\" value=\"\" \/><input type=\"hidden\" name=\"post_id\" value=\"\" \/><input type=\"hidden\" name=\"post_title\" value=\"\" \/><input type=\"hidden\" name=\"quform_current_page_id\" value=\"1\" \/><input type=\"hidden\" name=\"quform_csrf_token\" value=\"HqEggW8PsazGec73ENkPeLlQ6UIW0da5z5aS4pE0\" \/><div class=\"quform-elements quform-elements-4 quform-cf quform-responsive-elements-phone-landscape\"><div class=\"quform-element quform-element-page quform-page-1 quform-page-4_1 quform-cf quform-group-style-bordered quform-first-page quform-last-page quform-current-page\"><div class=\"quform-child-elements\"><div class=\"quform-element quform-element-row quform-element-row-4_3 quform-2-columns quform-element-row-size-fixed quform-responsive-columns-phone-landscape\"><div class=\"quform-element quform-element-column quform-element-4_4\"><div class=\"quform-element quform-element-text quform-element-4_6 quform-cf quform-element-required\"><div class=\"quform-spacer\"><div class=\"quform-label quform-label-4_6\"><label class=\"quform-label-text\" for=\"quform_4_6_d3e2b4\">Name<span class=\"quform-required\">*<\/span><\/label><\/div><div class=\"quform-inner quform-inner-text quform-inner-4_6\"><div class=\"quform-input quform-input-text quform-input-4_6 quform-cf\"><input type=\"text\" id=\"quform_4_6_d3e2b4\" name=\"quform_4_6\" class=\"quform-field quform-field-text quform-field-4_6\" \/><\/div><\/div><\/div><\/div><\/div><div class=\"quform-element quform-element-column quform-element-4_5\"><div class=\"quform-element quform-element-text quform-element-4_7 quform-cf quform-element-required\"><div class=\"quform-spacer\"><div class=\"quform-label quform-label-4_7\"><label class=\"quform-label-text\" for=\"quform_4_7_d3e2b4\">Surname<span class=\"quform-required\">*<\/span><\/label><\/div><div class=\"quform-inner quform-inner-text quform-inner-4_7\"><div class=\"quform-input quform-input-text quform-input-4_7 quform-cf\"><input type=\"text\" id=\"quform_4_7_d3e2b4\" name=\"quform_4_7\" class=\"quform-field quform-field-text quform-field-4_7\" \/><\/div><\/div><\/div><\/div><\/div><\/div><div class=\"quform-element quform-element-row quform-element-row-4_8 quform-2-columns quform-element-row-size-fixed quform-responsive-columns-phone-landscape\"><div class=\"quform-element quform-element-column quform-element-4_9\"><div class=\"quform-element quform-element-text quform-element-4_12 quform-cf quform-element-optional\"><div class=\"quform-spacer\"><div class=\"quform-label quform-label-4_12\"><label class=\"quform-label-text\" for=\"quform_4_12_d3e2b4\">Telephone<\/label><\/div><div class=\"quform-inner quform-inner-text quform-inner-4_12\"><div class=\"quform-input quform-input-text quform-input-4_12 quform-cf\"><input type=\"text\" id=\"quform_4_12_d3e2b4\" name=\"quform_4_12\" class=\"quform-field quform-field-text quform-field-4_12\" \/><\/div><\/div><\/div><\/div><\/div><div class=\"quform-element quform-element-column quform-element-4_10\"><div class=\"quform-element quform-element-text quform-element-4_11 quform-cf quform-element-required\"><div class=\"quform-spacer\"><div class=\"quform-label quform-label-4_11\"><label class=\"quform-label-text\" for=\"quform_4_11_d3e2b4\">Mail<span class=\"quform-required\">*<\/span><\/label><\/div><div class=\"quform-inner quform-inner-text quform-inner-4_11\"><div class=\"quform-input quform-input-text quform-input-4_11 quform-cf\"><input type=\"text\" id=\"quform_4_11_d3e2b4\" name=\"quform_4_11\" class=\"quform-field quform-field-text quform-field-4_11\" \/><\/div><\/div><\/div><\/div><\/div><\/div><div class=\"quform-element quform-element-row quform-element-row-4_15 quform-2-columns quform-element-row-size-fixed quform-responsive-columns-phone-landscape\"><div class=\"quform-element quform-element-column quform-element-4_16\"><div class=\"quform-element quform-element-date quform-element-4_37 quform-cf quform-element-required\"><div class=\"quform-spacer\"><div class=\"quform-label quform-label-4_37\"><label class=\"quform-label-text\" for=\"quform_4_37_d3e2b4\">Date of birth<span class=\"quform-required\">*<\/span><\/label><\/div><div class=\"quform-inner quform-inner-date quform-inner-4_37\"><div class=\"quform-input quform-input-date quform-input-4_37 quform-cf quform-has-field-icon-right\"><input type=\"text\" id=\"quform_4_37_d3e2b4\" name=\"quform_4_37\" class=\"quform-field quform-field-date quform-field-4_37\" placeholder=\"YYYY-MM-DD\" data-options=\"{&quot;format&quot;:&quot;&quot;,&quot;min&quot;:&quot;&quot;,&quot;max&quot;:&quot;&quot;,&quot;start&quot;:&quot;month&quot;,&quot;depth&quot;:&quot;month&quot;,&quot;showFooter&quot;:false,&quot;locale&quot;:&quot;tr-TR&quot;,&quot;placeholder&quot;:&quot;&quot;,&quot;autoOpen&quot;:true,&quot;identifier&quot;:&quot;4_37&quot;}\" \/><span class=\"quform-field-icon quform-field-icon-right\"><i class=\"qicon-calendar\"><\/i><\/span><\/div><\/div><\/div><\/div><\/div><div class=\"quform-element quform-element-column quform-element-4_17\"><div class=\"quform-element quform-element-select quform-element-4_38 quform-cf quform-element-required\"><div class=\"quform-spacer\"><div class=\"quform-label quform-label-4_38\"><label class=\"quform-label-text\" for=\"quform_4_38_d3e2b4\">Gender<span class=\"quform-required\">*<\/span><\/label><\/div><div class=\"quform-inner quform-inner-select quform-inner-4_38\"><div class=\"quform-input quform-input-select quform-input-4_38 quform-cf\"><select id=\"quform_4_38_d3e2b4\" name=\"quform_4_38\" class=\"quform-field quform-field-select quform-field-4_38\"><option value=\"\" selected=\"selected\">Please choose<\/option><option value=\"Female\">Female<\/option><option value=\"Male\">Male<\/option><\/select><\/div><\/div><\/div><\/div><\/div><\/div><div class=\"quform-element quform-element-row quform-element-row-4_39 quform-2-columns quform-element-row-size-fixed quform-responsive-columns-phone-landscape\"><div class=\"quform-element quform-element-column quform-element-4_40\"><div class=\"quform-element quform-element-select quform-element-4_42 quform-cf quform-element-required\"><div class=\"quform-spacer\"><div class=\"quform-label quform-label-4_42\"><label class=\"quform-label-text\" for=\"quform_4_42_d3e2b4\">Education Status<span class=\"quform-required\">*<\/span><\/label><\/div><div class=\"quform-inner quform-inner-select quform-inner-4_42\"><div class=\"quform-input quform-input-select quform-input-4_42 quform-cf\"><select id=\"quform_4_42_d3e2b4\" name=\"quform_4_42\" class=\"quform-field quform-field-select quform-field-4_42\"><option value=\"\" selected=\"selected\">Please choose<\/option><option value=\"Primary School\">Primary School<\/option><option value=\"High School\">High School<\/option><option value=\"Associate Degree\">Associate Degree<\/option><option value=\"Bachelor\">Bachelor<\/option><option value=\"Post Graduate\">Post Graduate<\/option><option value=\"Doctorate\">Doctorate<\/option><\/select><\/div><\/div><\/div><\/div><\/div><div class=\"quform-element quform-element-column quform-element-4_41\"><div class=\"quform-element quform-element-text quform-element-4_44 quform-cf quform-element-required\"><div class=\"quform-spacer\"><div class=\"quform-label quform-label-4_44\"><label class=\"quform-label-text\" for=\"quform_4_44_d3e2b4\">Department you want to work<span class=\"quform-required\">*<\/span><\/label><\/div><div class=\"quform-inner quform-inner-text quform-inner-4_44\"><div class=\"quform-input quform-input-text quform-input-4_44 quform-cf\"><input type=\"text\" id=\"quform_4_44_d3e2b4\" name=\"quform_4_44\" class=\"quform-field quform-field-text quform-field-4_44\" \/><\/div><\/div><\/div><\/div><\/div><\/div><div class=\"quform-element quform-element-textarea quform-element-4_45 quform-cf quform-element-required\"><div class=\"quform-spacer\"><div class=\"quform-label quform-label-4_45\"><label class=\"quform-label-text\" for=\"quform_4_45_d3e2b4\">You mentioned yourself briefly<span class=\"quform-required\">*<\/span><\/label><\/div><div class=\"quform-inner quform-inner-textarea quform-inner-4_45\"><div class=\"quform-input quform-input-textarea quform-input-4_45 quform-cf\"><textarea id=\"quform_4_45_d3e2b4\" name=\"quform_4_45\" class=\"quform-field quform-field-textarea quform-field-4_45\"><\/textarea><\/div><\/div><\/div><\/div><div class=\"quform-element quform-element-file quform-element-4_46 quform-cf quform-element-optional\"><div class=\"quform-spacer\"><div class=\"quform-label quform-label-4_46\"><label class=\"quform-label-text\" for=\"quform_4_46_d3e2b4\">Upload CV (Maximum 3 mb. Extension: Pdf, Doc or docx)<\/label><\/div><div class=\"quform-inner quform-inner-file quform-inner-4_46\"><div class=\"quform-input quform-input-file quform-input-4_46 quform-cf quform-button-style-theme\"><input type=\"file\" id=\"quform_4_46_d3e2b4\" name=\"quform_4_46[]\" class=\"quform-field quform-field-file quform-field-4_46 quform-field-file-enhanced\" data-config=\"{&quot;id&quot;:46,&quot;identifier&quot;:&quot;4_46&quot;,&quot;name&quot;:&quot;quform_4_46&quot;,&quot;max&quot;:1,&quot;size&quot;:10485760,&quot;allowedExtensions&quot;:[&quot;jpg&quot;,&quot;jpeg&quot;,&quot;png&quot;,&quot;gif&quot;],&quot;notAllowedTypeWithFilename&quot;:&quot;File type &#039;% filename%&#039; not allowed&quot;,&quot;tooBigWithFilename&quot;:&quot;File name &#039;% filename%&#039; exceeds maximum allowed file size&quot;,&quot;tooMany&quot;:&quot;You cannot upload more than% max% files&quot;,&quot;buttonType&quot;:&quot;button&quot;,&quot;buttonText&quot;:&quot;Upload&quot;,&quot;buttonIcon&quot;:&quot;qicon-file_upload&quot;,&quot;buttonIconPosition&quot;:&quot;right&quot;}\" \/><\/div><\/div><\/div><\/div><div class=\"quform-element quform-element-captcha quform-element-4_36 quform-cf quform-element-required\"><div class=\"quform-spacer\"><div class=\"quform-label quform-label-4_36\"><label class=\"quform-label-text\" for=\"quform_4_36_d3e2b4\">Please type the characters<span class=\"quform-required\">*<\/span><\/label><\/div><div class=\"quform-inner quform-inner-captcha quform-inner-4_36\"><div class=\"quform-input quform-input-captcha quform-input-4_36 quform-cf\"><input type=\"text\" id=\"quform_4_36_d3e2b4\" name=\"quform_4_36\" class=\"quform-field quform-field-captcha quform-field-4_36\" \/><\/div><div class=\"quform-captcha quform-cf\"><div class=\"quform-captcha-image quform-captcha-image-4_36\"><img src=\"data:image\/png;base64,iVBORw0KGgoAAAANSUhEUgAAAOYAAABQBAMAAAD\/1xTgAAAAG1BMVEX\/\/\/8iIiLj4+NZWVk9PT2QkJDHx8esrKx0dHT5TmTaAAAACXBIWXMAAA7EAAAOxAGVKw4bAAADoElEQVRoge1XS1fTQBROJ81jyW1S6DKptLgkUoUlseDaiAdZJhwBl8RjwaVRjvqznVfSJDM9KaFk43yLns50Zr65j\/nuraYpKCgoKCgo\/Fe4vvY6ZpyEAO6HTilfAMX7DiktRglOh5wR5pvPOjXUYrFMAY474\/QB9jXKOdjIedO4eU3AApkBbG2C8iPAq6Y1JrcvYuZyXD2cvPbaUOryZLypHGbz3NHBXc5\/I3k8asOZgQMgucl2edgDYFyL22KOP9gfj6dE4HiBaGcEbnmY0KF5f+8tN4YwursJ2uSUiQ2yYmE6yw3Lr+Bo6IyY9TufssHF2\/qw04ZzMPXE6ZqdGY5bxHyZ55tPLbRh+HjOPXBF96DL3er9Axh+5uIHMZtKqDr0q3GXY1wdkqwVtyUwd+PyREgSDdyDcLnaJ1+scI0c0mF+Xj0dvxRBQgOo6Q3hgkPsgKh4WPi2R7\/W0nzCMb6\/LMb2PJTsyurGk0tQZ2NxAPZcUMhc\/bORE+sm4MWnpfNdcdUkqGlcUMQxLV7khMf3VmuAFbCFb4uZSBQEjThzvzzMCsHpF5UFO\/dwfBWuk7iM1EUP4NBGI8kTsQxUq5NR4Wuj8EAA7zSqRpL9ggUwx7xB3mj4MueYtZOSIqes\/JvFVAOtoX6IvGrEPUz81ZNVfqMqQ0Rvl5zMzj53alaNggwmFRgcFThhhvZl97SrMkRit\/TtMf3i85m0mdOgxhkkx1\/Sy9uybqNfe3fYumH+C7+jzy1fg5MJpE3PjMibM2SVv1fPxjA3PM0j3ePqGDV3ZUwgdbqBFgULBtX6TJDUy0XKExmVdMjhtxF2ixZs0c9tzom+AIjeSeu6r3PnpuVkIglvr9EpsHLgc+YBFSYxolnd4UTpTq9vHpZ1BRs48rS9sCQvqxDRFEgpTYJPxheHo7i+KhRMT\/JSVujwLpPRUoO0ChmNS868rxl\/7ySbxHY9l3SnWM0feWMGXd2F1DcBjUW2SkJMiXIblHQUl1ZhUudrEyXK63yZWQILJMlons2OzqtT00thlews4o3pmHWXK+XZlnSfbYFYFoQufVto5cn6Jv\/yTUiyDwnxPMZRk5yMLm7JI2rVnq\/C9OJkwar27EBWbmm5EGToyUDEWNghlfuT8GNKjG\/VnTfA\/B7AH2qtRPVGpNNprBVtMGWPXLAnqTTOmwZazCRKqxcNxDNh78IT5rKWf\/CeAhNn2JtuKTGQ1zmlgoKCgoKCgsKz4h\/fK4SpT11F+AAAAABJRU5ErkJggg==\" alt=\"CAPTCHA Resmi\" data-element-id=\"36\" width=\"115\" height=\"40\" \/><\/div><\/div><p class=\"quform-description quform-description-below\">This helps us prevent spam, thank you.<\/p><\/div><\/div><\/div><div class=\"quform-element quform-element-submit quform-element-4_2 quform-cf quform-button-style-theme\"><div class=\"quform-button-submit quform-button-submit-default quform-button-submit-4_2\"><button name=\"quform_submit\" type=\"submit\" class=\"quform-submit\" value=\"submit\"><span class=\"quform-button-text quform-button-submit-text\">G\u00f6nder<\/span><\/button><\/div><div class=\"quform-loading quform-loading-position-left quform-loading-type-spinner-3\"><div class=\"quform-loading-inner\"><div class=\"quform-loading-spinner\"><div class=\"quform-loading-spinner-inner\"><\/div><\/div><\/div><\/div><\/div><div class=\"quform-element-tree\"><label for=\"quform_4_0_d3e2b4\">Bu alan bo\u015f b\u0131rak\u0131lmal\u0131d\u0131r<\/label><input type=\"text\" id=\"quform_4_0_d3e2b4\" name=\"quform_4_0\" class=\"quform-field quform-field-tree quform-field-4_0\" tabindex=\"-1\" autocomplete=\"off\" \/><\/div><\/div><\/div><\/div><div class=\"quform-upload-progress-wrap\"><div class=\"quform-upload-progress-bar-wrap\"><div class=\"quform-upload-progress-bar\"><\/div><\/div><div class=\"quform-upload-info quform-cf\"><div class=\"quform-upload-filename\"><\/div><\/div><\/div><\/div><\/form><\/div>\n","protected":false},"excerpt":{"rendered":"Name*Surname*TelephoneMail*Date of birth*Gender*Please chooseFemaleMaleEducation Status*Please choosePrimary SchoolHigh SchoolAssociate DegreeBachelorPost GraduateDoctorateDepartment you want to work*You mentioned yourself briefly*Upload CV (Maximum 3 mb. Extension: Pdf, Doc or docx)Please type the characters*This helps us prevent spam, thank you.G\u00f6nderBu alan bo\u015f b\u0131rak\u0131lmal\u0131d\u0131r","protected":false},"author":1,"featured_media":0,"parent":0,"menu_order":0,"comment_status":"closed","ping_status":"closed","template":"","meta":[],"aioseo_notices":[],"_links":{"self":[{"href":"http:\/\/www.enmaddrilling.com\/index.php\/wp-json\/wp\/v2\/pages\/1020"}],"collection":[{"href":"http:\/\/www.enmaddrilling.com\/index.php\/wp-json\/wp\/v2\/pages"}],"about":[{"href":"http:\/\/www.enmaddrilling.com\/index.php\/wp-json\/wp\/v2\/types\/page"}],"author":[{"embeddable":true,"href":"http:\/\/www.enmaddrilling.com\/index.php\/wp-json\/wp\/v2\/users\/1"}],"replies":[{"embeddable":true,"href":"http:\/\/www.enmaddrilling.com\/index.php\/wp-json\/wp\/v2\/comments?post=1020"}],"version-history":[{"count":1,"href":"http:\/\/www.enmaddrilling.com\/index.php\/wp-json\/wp\/v2\/pages\/1020\/revisions"}],"predecessor-version":[{"id":1072,"href":"http:\/\/www.enmaddrilling.com\/index.php\/wp-json\/wp\/v2\/pages\/1020\/revisions\/1072"}],"wp:attachment":[{"href":"http:\/\/www.enmaddrilling.com\/index.php\/wp-json\/wp\/v2\/media?parent=1020"}],"curies":[{"name":"wp","href":"https:\/\/api.w.org\/{rel}","templated":true}]}}